{"id":3643,"date":"2023-09-27T11:01:58","date_gmt":"2023-09-27T09:01:58","guid":{"rendered":"http:\/\/zszil.pl\/?page_id=3643"},"modified":"2023-09-27T11:01:59","modified_gmt":"2023-09-27T09:01:59","slug":"technik-elektryk-2","status":"publish","type":"page","link":"https:\/\/zszil.pl\/index.php\/technik-elektryk-2\/","title":{"rendered":"Technik elektryk"},"content":{"rendered":"\n<p class=\"has-text-align-center\"><strong>Ramowy program praktyk zawodowych<\/strong><\/p>\n\n\n\n<p class=\"has-text-align-center\"><strong>realizowanych w Zespole Szk\u00f3\u0142 Zawodowych i Licealnych w Zgorzelcu<\/strong><\/p>\n\n\n\n<p class=\"has-text-align-center\"><strong>przez uczni\u00f3w Technikum kszta\u0142c\u0105cego w zawodzie technik elektryk<\/strong><\/p>\n\n\n\n<ol class=\"wp-block-list\" type=\"I\"><li><strong>Wprowadzenie do zak\u0142adu pracy<\/strong><\/li><\/ol>\n\n\n\n<ol class=\"wp-block-list\" type=\"1\"><li>Bezpiecze\u0144stwo&nbsp; i higiena pracy w zawodzie technik elektryk<\/li><li>Ochrona \u015brodowiska w dzia\u0142alno\u015bci zawodowej<\/li><li>Podstawy elektrotechniki<\/li><li>Kompetencje personalne i spo\u0142eczne<\/li><li>Organizacja pracy ma\u0142ych zespo\u0142\u00f3w<\/li><\/ol>\n\n\n\n<p>Ucze\u0144:<\/p>\n\n\n\n<ul class=\"wp-block-list\"><li>rozr\u00f3\u017cnia poj\u0119cia zwi\u0105zane z bezpiecze\u0144stwem i higien\u0105 pracy, ochron\u0105 przeciwpo\u017carow\u0105, ochron\u0105 \u015brodowiska i ergonomi\u0105;<\/li><li>charakteryzuje zadania i uprawnienia instytucji oraz s\u0142u\u017cb dzia\u0142aj\u0105cych w zakresie ochrony pracy &nbsp;&nbsp;&nbsp;&nbsp;&nbsp;&nbsp;&nbsp;&nbsp;&nbsp;&nbsp;&nbsp;&nbsp;&nbsp;&nbsp;&nbsp;&nbsp;&nbsp;&nbsp;&nbsp;i ochrony \u015brodowiska;<\/li><li>rozr\u00f3\u017cnia prawa i obowi\u0105zki pracownika oraz pracodawcy w zakresie bezpiecze\u0144stwa i higieny pracy oraz prawa pracy;<\/li><li>identyfikuje zagro\u017cenia dla zdrowia i \u017cycia cz\u0142owieka oraz mienia i \u015brodowiska zwi\u0105zane z wykonywaniem zada\u0144 zawodowych;<\/li><li>przestrzega zasad bezpiecze\u0144stwa i higieny pracy oraz przepis\u00f3w prawa dotycz\u0105cych ochrony przeciwpo\u017carowej i ochrony \u015brodowiska wyst\u0119puj\u0105cych w zawodzie;<\/li><li>charakteryzuje \u015brodki techniczne, ochrony indywidualnej i zbiorowej podczas wykonywania zada\u0144 zawodowych;<\/li><li>okre\u015bla skutki oddzia\u0142ywania czynnik\u00f3w szkodliwych na organizm cz\u0142owieka;<\/li><li>organizuje stanowisko pracy zgodnie z wymaganiami ergonomii oraz przepisami dotycz\u0105cymi bezpiecze\u0144stwa i higieny pracy, ochrony przeciwpo\u017carowej i ochrony \u015brodowiska;<\/li><li>stosuje zasady bezpiecze\u0144stwa i higieny pracy oraz przepisy prawa dotycz\u0105ce ochrony przeciwpo\u017carowej i ochrony \u015brodowiska;<\/li><li>udziela pierwszej pomocy poszkodowanym w stanach nag\u0142ego zagro\u017cenia zdrowotnego;<\/li><li>rozr\u00f3\u017cnia elementy obwod\u00f3w elektrycznych;<\/li><li>rozr\u00f3\u017cnia i wyja\u015bnia poj\u0119cia zwi\u0105zane z pr\u0105dem i napi\u0119ciem elektrycznym;<\/li><li>opisuje elementy elektroniki;<\/li><li>charakteryzuje metody pomiaru wielko\u015bci elektrycznych w obwodach elektrycznych i uk\u0142adach elektronicznych;<\/li><li>dobiera metody pomiaru wielko\u015bci elektrycznych w obwodach elektrycznych i uk\u0142adach elektronicznych;<\/li><li>pos\u0142uguje si\u0119 schematami elektrycznymi;<\/li><li>rozpoznaje w\u0142a\u015bciwe normy i procedury oceny zgodno\u015bci podczas realizacji zada\u0144 zawodowych;<\/li><li>przestrzega zasad kultury i etyki zawodowej;<\/li><li>stosuje zasady komunikacji interpersonalnej;<\/li><li>wykazuje si\u0119 kreatywno\u015bci\u0105 i otwarto\u015bci\u0105 na zmiany;<\/li><li>stosuje techniki radzenia sobie ze stresem;<\/li><li>doskonali umiej\u0119tno\u015bci zawodowe;<\/li><li>planuje wykonanie zadania;<\/li><\/ul>\n\n\n\n<ul class=\"wp-block-list\"><li>ponosi odpowiedzialno\u015b\u0107 za podejmowane dzia\u0142ania;<\/li><li>stosuje metody i techniki rozwi\u0105zywania problem\u00f3w;<\/li><li>wsp\u00f3\u0142pracuje w zespole.<\/li><\/ul>\n\n\n\n<ol class=\"wp-block-list\" type=\"I\"><li><strong>Wykonywanie zada\u0144 zawodowych technika <\/strong><strong>elektryka<\/strong><\/li><\/ol>\n\n\n\n<ol class=\"wp-block-list\" type=\"1\"><li><strong>Monta\u017c, uruchamianie i konserwacja instalacji elektrycznych<\/strong><\/li><\/ol>\n\n\n\n<p>Ucze\u0144:<\/p>\n\n\n\n<ul class=\"wp-block-list\"><li>rozr\u00f3\u017cnia rodzaje instalacji elektrycznych;<\/li><li>stosuje zasady ochrony przeciwpora\u017ceniowej;<\/li><li>dobiera przewody i kable elektroenergetyczne do okre\u015blonych zada\u0144;<\/li><li>rozpoznaje \u017ar\u00f3d\u0142a \u015bwiat\u0142a i oprawy o\u015bwietleniowe;<\/li><li>sporz\u0105dza schematy instalacji elektrycznych;<\/li><li>wykonuje instalacje elektryczne zgodnie z dokumentacj\u0105;<\/li><li>rozpoznaje uszkodzenia elektryczne i mechaniczne wyst\u0119puj\u0105ce w instalacjach elektrycznych na podstawie objaw\u00f3w.<\/li><\/ul>\n\n\n\n<ul class=\"wp-block-list\"><li><strong>Monta\u017c, uruchamianie i konserwacja maszyn i urz\u0105dze\u0144 elektrycznych<\/strong><strong><\/strong><\/li><\/ul>\n\n\n\n<p>Ucze\u0144:<\/p>\n\n\n\n<ul class=\"wp-block-list\"><li>charakteryzuje maszyny elektryczne;<\/li><li>charakteryzuje urz\u0105dzenia elektryczne;<\/li><li>montuje maszyny elektryczne;<\/li><li>montuje urz\u0105dzenia elektryczne;<\/li><li>charakteryzuje uk\u0142ady zasilania i zabezpiecze\u0144, sterowania i regulacji maszyn i urz\u0105dze\u0144 elektrycznych;<\/li><li>montuje uk\u0142ady zasilania, zabezpiecze\u0144, sterowania i regulacji maszyn i urz\u0105dze\u0144 elektrycznych;<\/li><li>uruchamia maszyny i urz\u0105dzenia elektryczne;<\/li><li>wykonuje prace konserwacyjne maszyn i urz\u0105dze\u0144 elektrycznych zgodnie z dokumentacj\u0105.<\/li><\/ul>\n\n\n\n<ul class=\"wp-block-list\"><li><strong>Eksploatacja instalacji elektrycznych<\/strong><strong><\/strong><\/li><\/ul>\n\n\n\n<p>Ucze\u0144:<\/p>\n\n\n\n<ul class=\"wp-block-list\"><li>rozr\u00f3\u017cnia rodzaje instalacji elektrycznych;<\/li><li>dobiera elementy sk\u0142adowe instalacji elektrycznych;<\/li><li>charakteryzuje wymagania eksploatacyjne instalacji elektrycznych;<\/li><li>dobiera metody pomiaru parametr\u00f3w instalacji elektrycznych;<\/li><li>wykonuje pomiary instalacji elektrycznych;<\/li><li>dokonuje oceny wynik\u00f3w pomiar\u00f3w instalacji elektrycznych;<\/li><li>charakteryzuje metody lokalizacji uszkodze\u0144 w instalacjach elektrycznych;<\/li><li>dobiera zabezpieczenia instalacji elektrycznych;<\/li><\/ul>\n\n\n\n<ul class=\"wp-block-list\"><li>charakteryzuje \u015brodki ochrony przeciwpora\u017ceniowej;<\/li><li>modernizuje istniej\u0105ce instalacje elektrycznych.<\/li><\/ul>\n\n\n\n<ul class=\"wp-block-list\"><li><strong>Eksploatacja maszyn i urz\u0105dze\u0144 elektrycznych<\/strong><strong><\/strong><\/li><\/ul>\n\n\n\n<p>Ucze\u0144:<\/p>\n\n\n\n<ul class=\"wp-block-list\"><li>charakteryzuje elementy maszyn i urz\u0105dze\u0144 elektrycznych;<\/li><li>opisuje elementy elektroniki wykorzystywane w uk\u0142adach sterowania i regulacji maszyn i urz\u0105dze\u0144 elektrycznych;<\/li><li>charakteryzuje uk\u0142ady i metody sterowania oraz regulacji;<\/li><li>charakteryzuje wymagania eksploatacyjne maszyn i urz\u0105dze\u0144 elektrycznych;<\/li><li>charakteryzuje metody pomiaru parametr\u00f3w maszyn i urz\u0105dze\u0144 elektrycznych;<\/li><li>dokonuje oceny wynik\u00f3w pomiar\u00f3w parametr\u00f3w maszyn i urz\u0105dze\u0144 elektrycznych;<\/li><li>charakteryzuje metody lokalizacji uszkodze\u0144 w maszynach i urz\u0105dzeniach elektrycznych;<\/li><li>charakteryzuje zabezpieczenia maszyn i urz\u0105dze\u0144 elektrycznych;<\/li><\/ul>\n\n\n\n<ul class=\"wp-block-list\"><li><strong>J\u0119zyk obcy zawodowy<\/strong><\/li><\/ul>\n\n\n\n<p>Ucze\u0144:<\/p>\n\n\n\n<ul class=\"wp-block-list\"><li>pos\u0142uguje si\u0119 podstawowym zasobem \u015brodk\u00f3w j\u0119zykowych w j\u0119zyku obcym nowo\u017cytnym umo\u017cliwiaj\u0105cym realizacj\u0119 czynno\u015bci zawodowych w zakresie temat\u00f3w zwi\u0105zanych:<\/li><li>ze stanowiskiem pracy i jego wyposa\u017ceniem<\/li><li>z g\u0142\u00f3wnymi technologiami stosowanymi w danym zawodzie<\/li><li>z dokumentacj\u0105 zwi\u0105zan\u0105 z danym zawodem<\/li><li>z us\u0142ugami \u015bwiadczonymi w danym zawodzie;<\/li><li>rozumie proste wypowiedzi ustne artyku\u0142owane wyra\u017anie, w standardowej odmianie j\u0119zyka obcego nowo\u017cytnego, a tak\u017ce proste wypowiedzi pisemne w j\u0119zyku obcym nowo\u017cytnym w zakresie umo\u017cliwiaj\u0105cym realizacj\u0119 zada\u0144 zawodowych;<\/li><li>samodzielnie tworzy kr\u00f3tkie, proste, sp\u00f3jne i logiczne wypowiedzi ustne i pisemne w j\u0119zyku obcym nowo\u017cytnym w zakresie umo\u017cliwiaj\u0105cym realizacj\u0119 zada\u0144 zawodowych;<\/li><li>uczestniczy w rozmowie w typowych sytuacjach zwi\u0105zanych z realizacj\u0105 zada\u0144 zawodowych \u2013 reaguje &nbsp;w j\u0119zyku obcym nowo\u017cytnym w spos\u00f3b zrozumia\u0142y, adekwatnie do sytuacji komunikacyjnej, ustnie &nbsp;&nbsp;&nbsp;&nbsp;&nbsp;&nbsp;&nbsp;&nbsp;&nbsp;&nbsp;&nbsp;&nbsp;&nbsp;&nbsp;&nbsp;&nbsp;&nbsp;lub w formie prostego tekstu;<\/li><li>zmienia form\u0119 przekazu ustnego lub pisemnego w j\u0119zyku obcym nowo\u017cytnym w typowych sytuacjach zwi\u0105zanych z wykonywaniem czynno\u015bci zawodowych;<\/li><li>wykorzystuje strategie s\u0142u\u017c\u0105ce doskonaleniu w\u0142asnych umiej\u0119tno\u015bci j\u0119zykowych oraz podnosz\u0105ce \u015bwiadomo\u015b\u0107 j\u0119zykow\u0105:<\/li><li>wykorzystuje techniki samodzielnej pracy nad j\u0119zykiem obcym nowo\u017cytnym<\/li><li>wsp\u00f3\u0142dzia\u0142a w grupie<\/li><li>korzysta ze \u017ar\u00f3de\u0142 informacji w j\u0119zyku obcym nowo\u017cytnym stosuje strategie komunikacyjne i kompensacyjne.<\/li><\/ul>\n","protected":false},"excerpt":{"rendered":"<p>Ramowy program praktyk zawodowych realizowanych w Zespole Szk\u00f3\u0142 Zawodowych i Licealnych w Zgorzelcu przez uczni\u00f3w Technikum kszta\u0142c\u0105cego w zawodzie technik elektryk Wprowadzenie do zak\u0142adu pracy Bezpiecze\u0144stwo&nbsp; i higiena pracy w zawodzie technik elektryk Ochrona \u015brodowiska w dzia\u0142alno\u015bci zawodowej Podstawy elektrotechniki&hellip; <a class=\"continue\" href=\"https:\/\/zszil.pl\/index.php\/technik-elektryk-2\/\">Continue Reading<span> Technik elektryk<\/span><\/a><\/p>\n","protected":false},"author":1,"featured_media":0,"parent":0,"menu_order":0,"comment_status":"closed","ping_status":"closed","template":"","meta":{"footnotes":""},"class_list":["post-3643","page","type-page","status-publish","hentry"],"_links":{"self":[{"href":"https:\/\/zszil.pl\/index.php\/wp-json\/wp\/v2\/pages\/3643","targetHints":{"allow":["GET"]}}],"collection":[{"href":"https:\/\/zszil.pl\/index.php\/wp-json\/wp\/v2\/pages"}],"about":[{"href":"https:\/\/zszil.pl\/index.php\/wp-json\/wp\/v2\/types\/page"}],"author":[{"embeddable":true,"href":"https:\/\/zszil.pl\/index.php\/wp-json\/wp\/v2\/users\/1"}],"replies":[{"embeddable":true,"href":"https:\/\/zszil.pl\/index.php\/wp-json\/wp\/v2\/comments?post=3643"}],"version-history":[{"count":1,"href":"https:\/\/zszil.pl\/index.php\/wp-json\/wp\/v2\/pages\/3643\/revisions"}],"predecessor-version":[{"id":3644,"href":"https:\/\/zszil.pl\/index.php\/wp-json\/wp\/v2\/pages\/3643\/revisions\/3644"}],"wp:attachment":[{"href":"https:\/\/zszil.pl\/index.php\/wp-json\/wp\/v2\/media?parent=3643"}],"curies":[{"name":"wp","href":"https:\/\/api.w.org\/{rel}","templated":true}]}}