{"id":3653,"date":"2023-09-27T11:04:49","date_gmt":"2023-09-27T09:04:49","guid":{"rendered":"http:\/\/zszil.pl\/?page_id=3653"},"modified":"2023-09-27T11:04:50","modified_gmt":"2023-09-27T09:04:50","slug":"technik-organizacji-turystyki-2","status":"publish","type":"page","link":"https:\/\/zszil.pl\/index.php\/technik-organizacji-turystyki-2\/","title":{"rendered":"Technik organizacji turystyki"},"content":{"rendered":"\n<p class=\"has-text-align-center\"><strong>Ramowy program praktyk zawodowych<\/strong><\/p>\n\n\n\n<p class=\"has-text-align-center\"><strong>realizowanych w Zespole Szk\u00f3\u0142 Zawodowych i Licealnych w Zgorzelcu<\/strong><\/p>\n\n\n\n<p class=\"has-text-align-center\"><strong>przez uczni\u00f3w Technikum kszta\u0142c\u0105cego w zawodzie technik organizacji turystyki<\/strong><\/p>\n\n\n\n<ol class=\"wp-block-list\" type=\"I\"><li><strong>Wprowadzenie do zak\u0142adu pracy<\/strong><\/li><\/ol>\n\n\n\n<ol class=\"wp-block-list\" type=\"1\"><li>Bezpiecze\u0144stwo&nbsp; i higiena pracy w zawodzie technika organizacji turystyki<\/li><li>Ochrona \u015brodowiska w dzia\u0142alno\u015bci zawodowej<\/li><li>Podstawy turystyki<\/li><li>Kompetencje personalne i spo\u0142eczne<\/li><li>Organizacja pracy ma\u0142ych zespo\u0142\u00f3w<\/li><\/ol>\n\n\n\n<p>Ucze\u0144:<\/p>\n\n\n\n<ul class=\"wp-block-list\"><li>rozr\u00f3\u017cnia poj\u0119cia zwi\u0105zane z bezpiecze\u0144stwem i higien\u0105 pracy, ochron\u0105 przeciwpo\u017carow\u0105, ochron\u0105 \u015brodowiska i ergonomi\u0105;<\/li><li>charakteryzuje zadania i uprawnienia instytucji oraz s\u0142u\u017cb dzia\u0142aj\u0105cych w zakresie ochrony pracy &nbsp;&nbsp;&nbsp;&nbsp;&nbsp;&nbsp;&nbsp;&nbsp;&nbsp;&nbsp;&nbsp;&nbsp;&nbsp;&nbsp;&nbsp;&nbsp;&nbsp;&nbsp;&nbsp;i ochrony \u015brodowiska;<\/li><li>opisuje i charakteryzuje prawa i obowi\u0105zki pracownika oraz pracodawcy w zakresie bezpiecze\u0144stwa &nbsp;&nbsp;&nbsp;&nbsp;&nbsp;&nbsp;&nbsp;&nbsp;&nbsp;&nbsp;&nbsp;&nbsp;&nbsp;&nbsp;&nbsp;&nbsp;&nbsp;&nbsp;i higieny pracy oraz prawa pracy;<\/li><li>przewiduje zagro\u017cenia wyst\u0119puj\u0105ce w dzia\u0142alno\u015bci turystycznej;<\/li><li>stosuje \u015brodki ochrony indywidualnej i zbiorowej podczas wykonywania zada\u0144 zawodowych;<\/li><li>ocenia skutki oddzia\u0142ywania czynnik\u00f3w szkodliwych na organizm cz\u0142owieka;<\/li><li>organizuje stanowisko pracy zgodnie z wymaganiami ergonomii oraz przepisami dotycz\u0105cymi bezpiecze\u0144stwa i higieny pracy, ochrony przeciwpo\u017carowej i ochrony \u015brodowiska;<\/li><li>udziela pierwszej pomocy poszkodowanym w stanach nag\u0142ego zagro\u017cenia zdrowotnego;<\/li><li>charakteryzuje rynek turystyczny;<\/li><li>charakteryzuje produkty turystyczne;<\/li><li>charakteryzuje rodzaje turystyki;<\/li><li>realizuje dzia\u0142ania marketingowe prowadzonej dzia\u0142alno\u015bci turystycznej;<\/li><li>stosuje przepisy prawa podczas wykonywania zada\u0144 zawodowych;<\/li><li>stosuje programy komputerowe wspomagaj\u0105ce wykonywanie zada\u0144 zawodowych;<\/li><li>przestrzega zasad zdrowego \u017cywienia podczas wykonywania zada\u0144 zawodowych;<\/li><li>rozpoznaje w\u0142a\u015bciwe normy i procedury oceny zgodno\u015bci podczas realizacji zada\u0144 zawodowych;<\/li><li>charakteryzuje i przestrzega zasad kultury i etyki zawodowej;<\/li><li>charakteryzuje i stosuje zasady komunikacji interpersonalnej;<\/li><li>charakteryzuje i stosuje techniki radzenia sobie ze stresem;<\/li><li>wykazuje si\u0119 kreatywno\u015bci\u0105 i otwarto\u015bci\u0105 na zmiany;<\/li><li>aktualizuje wiedz\u0119 i doskonali umiej\u0119tno\u015bci zawodowe;<\/li><li>planuje wykonanie zadania;<\/li><li>ponosi odpowiedzialno\u015b\u0107 za podejmowane dzia\u0142ania;<\/li><li>negocjuje warunki porozumie\u0144;<\/li><li>wsp\u00f3\u0142pracuje w zespole;<\/li><li>planuje prac\u0119 zespo\u0142u w celu wykonania przydzielonych zada\u0144;<\/li><li>dobiera osoby do wykonania przydzielonych zada\u0144;<\/li><li>kieruje wykonaniem przydzielonych zada\u0144;<\/li><li>ocenia jako\u015b\u0107 wykonania przydzielonych zada\u0144.<\/li><\/ul>\n\n\n\n<ol class=\"wp-block-list\" type=\"I\"><li><strong>Wykonywanie zada\u0144 zawodowych technika <\/strong><strong>organizacji turystyki<\/strong><\/li><\/ol>\n\n\n\n<ol class=\"wp-block-list\" type=\"1\"><li><strong>Projektowanie imprez i dob\u00f3r us\u0142ug turystycznych<\/strong><\/li><\/ol>\n\n\n\n<p>Ucze\u0144:<\/p>\n\n\n\n<ul class=\"wp-block-list\"><li>projektuje imprezy i us\u0142ugi turystyczne, wykorzystuj\u0105c wiedz\u0119 z zakresu geografii turystycznej Polski, kraj\u00f3w Europy i \u015bwiata;<\/li><li>korzysta z r\u00f3\u017cnych \u017ar\u00f3de\u0142 informacji turystycznej i geograficznej podczas projektowania imprez i us\u0142ug turystycznych;<\/li><li>dobiera us\u0142ugi turystyczne w zale\u017cno\u015bci od potrzeb klient\u00f3w i rodzaju turystyki;<\/li><li>przygotowuje programy imprez turystycznych.<\/li><\/ul>\n\n\n\n<ul class=\"wp-block-list\"><li><strong>Kalkulowanie koszt\u00f3w imprez i us\u0142ug turystycznych<\/strong><\/li><\/ul>\n\n\n\n<p>Ucze\u0144:<\/p>\n\n\n\n<ul class=\"wp-block-list\"><li>oblicza koszty imprez i us\u0142ug turystycznych;<\/li><li>oblicza mar\u017c\u0119 i podatek VAT imprez i us\u0142ug turystycznych;<\/li><li>oblicza ceny imprez turystycznych;<\/li><li>tworzy dokumentacj\u0119 kalkulacji imprez i us\u0142ug turystycznych.<\/li><\/ul>\n\n\n\n<ul class=\"wp-block-list\"><li><strong>Rezerwacja us\u0142ug i imprez turystycznych<\/strong><\/li><\/ul>\n\n\n\n<p>Ucze\u0144:<\/p>\n\n\n\n<ul class=\"wp-block-list\"><li>dobiera us\u0142ugodawc\u00f3w do realizacji imprez i us\u0142ug turystycznych;<\/li><li>stosuje r\u00f3\u017cne formy zam\u00f3wienia us\u0142ug turystycznych w j\u0119zyku polskim i obcym nowo\u017cytnym;<\/li><li>stosuje r\u00f3\u017cne formy rezerwacji imprez i us\u0142ug turystycznych;<\/li><li>u\u017cywa oprogramowania komputerowego stosowanego do zam\u00f3wie\u0144 i rezerwacji w turystyce.<\/li><\/ul>\n\n\n\n<ul class=\"wp-block-list\"><li><strong>Organizowanie informacji turystycznej<\/strong><\/li><\/ul>\n\n\n\n<p>Ucze\u0144:<\/p>\n\n\n\n<ul class=\"wp-block-list\"><li>korzysta z r\u00f3\u017cnych \u017ar\u00f3de\u0142 informacji stosowanych w turystyce;<\/li><li>sporz\u0105dza bazy danych w celu gromadzenia informacji turystycznej;<\/li><li>udziela informacji turystycznej podczas obs\u0142ugi klienta w j\u0119zyku polskim i j\u0119zyku obcym nowo\u017cytnym;<\/li><li>charakteryzuje atrakcje turystyczne Europy i wybranych kraj\u00f3w \u015bwiata.<\/li><\/ul>\n\n\n\n<ul class=\"wp-block-list\"><li><strong>Sprzeda\u017c imprez i us\u0142ug turystycznych<\/strong><\/li><\/ul>\n\n\n\n<p>Ucze\u0144:<\/p>\n\n\n\n<ul class=\"wp-block-list\"><li>organizuje dzia\u0142ania marketingowe w procesie sprzeda\u017cy imprez i us\u0142ug turystycznych;<\/li><li>stosuje zasady obs\u0142ugi klienta;<\/li><li>prowadzi sprzeda\u017c imprez i us\u0142ug turystycznych;<\/li><li>stosuje r\u00f3\u017cne formy p\u0142atno\u015bci podczas sprzeda\u017cy imprez i us\u0142ug turystycznych:<\/li><\/ul>\n\n\n\n<p>a) rozr\u00f3\u017cnia formy p\u0142atno\u015bci stosowane podczas sprzeda\u017cy imprez i us\u0142ug turystycznych<\/p>\n\n\n\n<p>b) przyjmuje p\u0142atno\u015bci podczas sprzeda\u017cy imprez i us\u0142ug turystycznych;<\/p>\n\n\n\n<ul class=\"wp-block-list\"><li>sporz\u0105dza dokumenty potwierdzaj\u0105ce p\u0142atno\u015b\u0107 za imprezy i us\u0142ugi turystyczne;<\/li><li>sporz\u0105dza umowy dotycz\u0105ce sprzeda\u017cy imprez i us\u0142ug turystycznych.<\/li><\/ul>\n\n\n\n<ul class=\"wp-block-list\"><li><strong>Realizacja imprez i us\u0142ug turystycznych<\/strong><\/li><\/ul>\n\n\n\n<p>Ucze\u0144:<\/p>\n\n\n\n<ul class=\"wp-block-list\"><li>obs\u0142uguje imprezy turystyczne dla r\u00f3\u017cnych grup klient\u00f3w;<\/li><li>stosuje metody pilota\u017cu wycieczek;<\/li><li>stosuje metody przewodnictwa turystycznego;<\/li><li>organizuje czas wolny klient\u00f3w imprez turystycznych;<\/li><li>wsp\u00f3\u0142pracuje z us\u0142ugodawcami w procesie realizacji imprez i us\u0142ug turystycznych;<\/li><li>sporz\u0105dza dokumentacj\u0119 etapu realizacji imprez i us\u0142ug turystycznych;<\/li><li>gromadzi dokumenty finansowe potwierdzaj\u0105ce realizacj\u0119 imprez i us\u0142ug turystycznych;<\/li><li>kontroluje przebieg realizacji imprez i us\u0142ug turystycznych.<\/li><\/ul>\n\n\n\n<ul class=\"wp-block-list\"><li><strong>Rozliczanie imprez i us\u0142ug turystycznych<\/strong><\/li><\/ul>\n\n\n\n<p>Ucze\u0144:<\/p>\n\n\n\n<ul class=\"wp-block-list\"><li>rozlicza koszty imprez i us\u0142ug turystycznych;<\/li><li>sporz\u0105dza rozliczenie przychod\u00f3w i koszt\u00f3w imprezy turystycznej;<\/li><li>dokonuje rozlicze\u0144 finansowych imprez i us\u0142ug turystycznych;<\/li><li>sporz\u0105dza dokumentacj\u0119 dotycz\u0105c\u0105 rozlicze\u0144 imprez i us\u0142ug turystycznych.<\/li><\/ul>\n\n\n\n<ul class=\"wp-block-list\"><li><strong>J\u0119zyk obcy zawodowy<\/strong><\/li><\/ul>\n\n\n\n<p>Ucze\u0144:<\/p>\n\n\n\n<ul class=\"wp-block-list\"><li>pos\u0142uguje si\u0119 podstawowym zasobem \u015brodk\u00f3w j\u0119zykowych w j\u0119zyku obcym nowo\u017cytnym umo\u017cliwiaj\u0105cym realizacj\u0119 czynno\u015bci zawodowych w zakresie temat\u00f3w zwi\u0105zanych:<\/li><li>ze stanowiskiem pracy i jego wyposa\u017ceniem<\/li><li>z g\u0142\u00f3wnymi technologiami stosowanymi w danym zawodzie<\/li><li>z dokumentacj\u0105 zwi\u0105zan\u0105 z danym zawodem<\/li><li>z us\u0142ugami \u015bwiadczonymi w danym zawodzie;<\/li><\/ul>\n\n\n\n<ul class=\"wp-block-list\"><li>rozumie proste wypowiedzi ustne artyku\u0142owane wyra\u017anie, w standardowej odmianie j\u0119zyka obcego nowo\u017cytnego, a tak\u017ce proste wypowiedzi pisemne w j\u0119zyku obcym nowo\u017cytnym w zakresie umo\u017cliwiaj\u0105cym realizacj\u0119 zada\u0144 zawodowych;<\/li><li>samodzielnie tworzy kr\u00f3tkie, proste, sp\u00f3jne i logiczne wypowiedzi ustne i pisemne w j\u0119zyku obcym nowo\u017cytnym w zakresie umo\u017cliwiaj\u0105cym realizacj\u0119 zada\u0144 zawodowych;<\/li><li>uczestniczy w rozmowie w typowych sytuacjach zwi\u0105zanych z realizacj\u0105 zada\u0144 zawodowych \u2013 reaguje w j\u0119zyku obcym nowo\u017cytnym w spos\u00f3b zrozumia\u0142y, adekwatnie do sytuacji komunikacyjnej, ustnie lub w formie prostego tekstu;<\/li><li>zmienia form\u0119 przekazu ustnego lub pisemnego w j\u0119zyku obcym nowo\u017cytnym w typowych sytuacjach zwi\u0105zanych z wykonywaniem czynno\u015bci zawodowych;<\/li><li>wykorzystuje strategie s\u0142u\u017c\u0105ce doskonaleniu w\u0142asnych umiej\u0119tno\u015bci j\u0119zykowych oraz podnosz\u0105ce \u015bwiadomo\u015b\u0107 j\u0119zykow\u0105:<\/li><li>wykorzystuje techniki samodzielnej pracy nad j\u0119zykiem obcym nowo\u017cytnym<\/li><li>wsp\u00f3\u0142dzia\u0142a w grupie<\/li><li>korzysta ze \u017ar\u00f3de\u0142 informacji w j\u0119zyku obcym nowo\u017cytnym<\/li><li>stosuje strategie komunikacyjne i kompensacyjne.<\/li><\/ul>\n","protected":false},"excerpt":{"rendered":"<p>Ramowy program praktyk zawodowych realizowanych w Zespole Szk\u00f3\u0142 Zawodowych i Licealnych w Zgorzelcu przez uczni\u00f3w Technikum kszta\u0142c\u0105cego w zawodzie technik organizacji turystyki Wprowadzenie do zak\u0142adu pracy Bezpiecze\u0144stwo&nbsp; i higiena pracy w zawodzie technika organizacji turystyki Ochrona \u015brodowiska w dzia\u0142alno\u015bci zawodowej&hellip; <a class=\"continue\" href=\"https:\/\/zszil.pl\/index.php\/technik-organizacji-turystyki-2\/\">Continue Reading<span> Technik organizacji turystyki<\/span><\/a><\/p>\n","protected":false},"author":1,"featured_media":0,"parent":0,"menu_order":0,"comment_status":"closed","ping_status":"closed","template":"","meta":{"footnotes":""},"class_list":["post-3653","page","type-page","status-publish","hentry"],"_links":{"self":[{"href":"https:\/\/zszil.pl\/index.php\/wp-json\/wp\/v2\/pages\/3653","targetHints":{"allow":["GET"]}}],"collection":[{"href":"https:\/\/zszil.pl\/index.php\/wp-json\/wp\/v2\/pages"}],"about":[{"href":"https:\/\/zszil.pl\/index.php\/wp-json\/wp\/v2\/types\/page"}],"author":[{"embeddable":true,"href":"https:\/\/zszil.pl\/index.php\/wp-json\/wp\/v2\/users\/1"}],"replies":[{"embeddable":true,"href":"https:\/\/zszil.pl\/index.php\/wp-json\/wp\/v2\/comments?post=3653"}],"version-history":[{"count":1,"href":"https:\/\/zszil.pl\/index.php\/wp-json\/wp\/v2\/pages\/3653\/revisions"}],"predecessor-version":[{"id":3654,"href":"https:\/\/zszil.pl\/index.php\/wp-json\/wp\/v2\/pages\/3653\/revisions\/3654"}],"wp:attachment":[{"href":"https:\/\/zszil.pl\/index.php\/wp-json\/wp\/v2\/media?parent=3653"}],"curies":[{"name":"wp","href":"https:\/\/api.w.org\/{rel}","templated":true}]}}