{"id":7608,"date":"2025-10-24T09:33:26","date_gmt":"2025-10-24T07:33:26","guid":{"rendered":"https:\/\/zszil.pl\/?page_id=7608"},"modified":"2025-12-17T11:17:00","modified_gmt":"2025-12-17T10:17:00","slug":"obrona-cywilna","status":"publish","type":"page","link":"https:\/\/zszil.pl\/index.php\/obrona-cywilna\/","title":{"rendered":"Obrona Cywilna"},"content":{"rendered":"\n<p>Zamieszczamy materia\u0142y edukacyjne z zakresu Obrony Cywilnej zawieraj\u0105ce informacje przydatne w sytuacjach kryzysowych:<\/p>\n\n\n\n<p>&#8211; Poradnik bezpiecze\u0144stwa,<br>&#8211; Plecak ewakuacyjny- wyposa\u017cenie,<br>&#8211; Sygna\u0142y alarmowe,<br>&#8211; Co robi\u0107 w sytuacji\u2026<\/p>\n\n\n\n<p>Link do publikacji i materia\u0142\u00f3w: <a href=\"https:\/\/www.kuratorium.wroclaw.pl\/obrona-cywilna-bezpieczny-dolny-slask\/\" rel=\"noreferrer noopener\" target=\"_blank\">https:\/\/www.kuratorium.wroclaw.pl\/obrona-cywilna-bezpieczny-dolny-slask\/<\/a><\/p>\n\n\n\n<p><a href=\"https:\/\/padlet.com\/katarzyna_kaminska100\/bezpieczne-jutro-zaczyna-si-dzi-rola-edukacji-w-czasach-zagr-z05xswfeqyj1o3h4\">https:\/\/padlet.com\/katarzyna_kaminska100\/bezpieczne-jutro-zaczyna-si-dzi-rola-edukacji-w-czasach-zagr-z05xswfeqyj1o3h4<\/a><\/p>\n","protected":false},"excerpt":{"rendered":"<p>Zamieszczamy materia\u0142y edukacyjne z zakresu Obrony Cywilnej zawieraj\u0105ce informacje przydatne w sytuacjach kryzysowych: &#8211; Poradnik bezpiecze\u0144stwa,&#8211; Plecak ewakuacyjny- wyposa\u017cenie,&#8211; Sygna\u0142y alarmowe,&#8211; Co robi\u0107 w sytuacji\u2026 Link do publikacji i materia\u0142\u00f3w: https:\/\/www.kuratorium.wroclaw.pl\/obrona-cywilna-bezpieczny-dolny-slask\/ https:\/\/padlet.com\/katarzyna_kaminska100\/bezpieczne-jutro-zaczyna-si-dzi-rola-edukacji-w-czasach-zagr-z05xswfeqyj1o3h4<\/p>\n","protected":false},"author":2,"featured_media":0,"parent":0,"menu_order":0,"comment_status":"closed","ping_status":"closed","template":"","meta":{"footnotes":""},"class_list":["post-7608","page","type-page","status-publish","hentry"],"_links":{"self":[{"href":"https:\/\/zszil.pl\/index.php\/wp-json\/wp\/v2\/pages\/7608","targetHints":{"allow":["GET"]}}],"collection":[{"href":"https:\/\/zszil.pl\/index.php\/wp-json\/wp\/v2\/pages"}],"about":[{"href":"https:\/\/zszil.pl\/index.php\/wp-json\/wp\/v2\/types\/page"}],"author":[{"embeddable":true,"href":"https:\/\/zszil.pl\/index.php\/wp-json\/wp\/v2\/users\/2"}],"replies":[{"embeddable":true,"href":"https:\/\/zszil.pl\/index.php\/wp-json\/wp\/v2\/comments?post=7608"}],"version-history":[{"count":2,"href":"https:\/\/zszil.pl\/index.php\/wp-json\/wp\/v2\/pages\/7608\/revisions"}],"predecessor-version":[{"id":8118,"href":"https:\/\/zszil.pl\/index.php\/wp-json\/wp\/v2\/pages\/7608\/revisions\/8118"}],"wp:attachment":[{"href":"https:\/\/zszil.pl\/index.php\/wp-json\/wp\/v2\/media?parent=7608"}],"curies":[{"name":"wp","href":"https:\/\/api.w.org\/{rel}","templated":true}]}}